 Let g be p(-6). Suppose -3*j + 4*j + 4*i - 17 = 0, -g*j + i = -85. What is the tens digit of j?
2
Let r(d) = d - 2. Let q be r(2). Suppose -2*l + 5*l - 21 = q. What is the units digit of l?
7
Suppose 3*i - 2 = q + 4*i, i = -4*q - 5. Let h be (q + 7)/(-3) - -2. Suppose -5*j = -5*r - 25, 0 = 3*j - h*j + 4*r - 36. What is the units digit of j?
8
Suppose 0 = -2*x + 3*u + 22, x + 0*x - 3*u - 14 = 0. What is the units digit of x?
8
Let h(q) = 7 - q + 2*q**2 - 2 - 5*q. Let t be h(4). Let j = t - 6. What is the units digit of j?
7
Let k(u) = u**3 - u**2 - 3*u - 1. Let y be k(-2). Let h = y + 16. What is the units digit of h?
9
Let w be 2/(-8) + (-1062)/8. What is the tens digit of 3/(-12) - w/4?
3
Let z(f) = f + 1. Let x be z(-5). Let p = x + 3. What is the units digit of (p - (-15)/9)*3?
2
Suppose 3*f - 15 - 5 = -4*s, f - 10 = -3*s. Suppose f = -p - 0. What is the tens digit of (p - -7)*20/6?
1
Let f = 176 + -58. What is the tens digit of f?
1
What is the units digit of 1 - (2 + 1 + -26)?
4
Suppose 0 = 3*r + 6 - 69. Let t = 1 + r. What is the tens digit of t?
2
Let p(f) = 7*f**2 - 3*f - 8. What is the hundreds digit of p(6)?
2
Let h be (2 - (2 + -3)) + -55. Let m = 24 + h. Let t = 39 + m. What is the units digit of t?
1
Let q(j) = -j + 26. What is the units digit of q(7)?
9
Let y = 16 - 20. Let u(b) = -9*b - 7. What is the units digit of u(y)?
9
Suppose 0 = x - 0*x + 12. Let v(h) = h**2 + 13*h + 15. What is the units digit of v(x)?
3
Let i = -13 + 16. What is the units digit of 6/i - (-16 - 0)?
8
Let k be (-1 + -2)*2/(-6). Let q = k - 0. Suppose 2*y = c + 7, 4*c - 3*y + 2 + q = 0. What is the units digit of c?
3
Suppose 4*z - 22 = 2*h, -3*h - 5 = -0*z + z. What is the units digit of 2 + 16/2 + h?
7
Let g be (-11)/(3/(-18)*-3). Let l = 37 + g. What is the units digit of l?
5
Suppose 32 = r - 4. What is the units digit of r?
6
Let f(g) be the second derivative of g**5/20 + g**4/6 - g**3/2 - 3*g**2/2 - g. Let l be f(-3). What is the units digit of (2/l)/(6/(-27))?
3
Suppose -787 = -16*w + 237. What is the tens digit of w?
6
Suppose 198 = 4*g - 2*g. What is the tens digit of g?
9
Suppose g - 4*x = -g + 14, 3*g + 2*x - 37 = 0. What is the units digit of g?
1
Let p be (-4)/(-6)*(-48)/(-1). Suppose -3*o - o + 3*s + 30 = 0, s = 5*o - p. What is the units digit of o?
6
Let h(u) = -4*u + 2. Let m(g) = -g**2 - 2. Let x be m(0). What is the tens digit of h(x)?
1
Suppose 0*h + 3 = h. Let g(o) = o**3 + 5*o**2 + o - 3. Let v be g(-4). Let x = v - h. What is the units digit of x?
6
What is the units digit of (-253)/(-33) + 2/(-3)?
7
Let i = -7 + 22. Let v = -87 - -182. Suppose -3*u = 4*q - 61, 4*u + 4*q = v - i. What is the units digit of u?
9
Let h(u) = 2*u**2 - 3*u. Let n be h(3). Let f be 3/n - 32/6. Let w = f + 8. What is the units digit of w?
3
Suppose -m - 5*t = 0, -2*m = -t + 3*t - 8. Suppose 0 = a - m. Suppose 15 = 3*u - 3*v, -v + 3*v - 53 = -a*u. What is the units digit of u?
9
Let s = 87 + -52. What is the tens digit of s?
3
Let p = -3 - -4. Let a be 7/(-3) - p/(-3). What is the units digit of (4/(-3))/(a/9)?
6
Suppose -9*j + 16 = -7*j. What is the units digit of j?
8
Suppose -k = 2*a, 10 = 2*a - 5*k - 2. Suppose a = t - 4*x, 3*t - 2*x - 5 = -2*t. What is the units digit of t?
1
Suppose -5*x + w = 67, 3*x - 4*x - w - 17 = 0. What is the units digit of (-4)/6 + x/(-3)?
4
Let n(p) = -6*p**2 - p. Let w(x) = -5*x**2. Let u(m) = 4*n(m) - 5*w(m). What is the units digit of u(5)?
5
Let t be (4 - 3)/(3/9). Suppose -t*f + 101 + 5 = 2*l, 5*f + 3*l - 175 = 0. What is the tens digit of f?
3
Let x(y) be the first derivative of y**4/4 - 4*y**3/3 + 3*y**2/2 + 2*y + 4. What is the units digit of x(3)?
2
Let f = 11 + -6. Suppose -4*c + c - 11 = -4*w, 0 = f*w + c - 28. Suppose 3*g - g - 4*o = 6, 0 = -5*g - w*o. What is the units digit of g?
1
Let l = 53 - 53. Suppose -40 = -2*b - 3*b. Let a = b - l. What is the units digit of a?
8
Suppose 10*a - 252 = 308. What is the tens digit of a?
5
Suppose 3*q - 348 = -k, -3*k + 3*q = -q - 1018. What is the hundreds digit of k?
3
Let r(g) = -g - 1. Let c be r(0). What is the units digit of c/(-4) + 30/8?
4
Let t(c) = -c**2 + 7*c + 5. Let n be t(6). Let j(y) = -y**2 + 15*y - 14. What is the units digit of j(n)?
0
Let c be (-1 + 0)/((-7)/(-35)). Let p = 13 + c. What is the units digit of p?
8
Suppose 0 = -y + 120 - 36. What is the tens digit of y?
8
Suppose -3*k - 3*a + 123 = 0, 3*a - 5 = 1. What is the units digit of k?
9
Suppose 4*l - 19 = -7. Suppose -l*i + 26 = -2*i. What is the tens digit of i?
2
What is the units digit of (-3 + 9)/((-2)/(-1))?
3
Let y(k) = 7 - 2*k + 0*k + k. What is the units digit of y(0)?
7
Let l(g) = 10*g. Let y(s) = -s**3 + s + 3. Let a be y(0). Suppose 5*q = 2*q + a. What is the units digit of l(q)?
0
Let y = -807 - -1214. What is the units digit of y?
7
Let g = 1 + 8. Let l be (3/(-2))/(g/(-24)). Suppose -4*c - d + 16 = 0, l*c + 14 = 2*c + 5*d. What is the units digit of c?
3
Let j be 260/45 + (-2)/(-9). Suppose c - j*c - 5 = 0. Let w = c - -5. What is the units digit of w?
4
Let r(k) = 2*k**2 + 2*k. Let s be r(-3). Suppose -2*j + 4*w = j - 78, -4*w = -s. What is the units digit of j?
0
Let j(c) be the third derivative of -17*c**4/24 - c**3/6 - 8*c**2. What is the units digit of j(-2)?
3
Let r = 19 - 18. Let j(l) = 41*l**3 - 1. What is the tens digit of j(r)?
4
Let u = -65 + 67. What is the units digit of u?
2
Suppose 3*l = -0*l - 9. Let d(v) = -v + 10. Let q be d(-8). What is the units digit of ((-24)/q)/(2/l)?
2
Let o be 5 + 3/(6/(-4)). Suppose -x + q + 14 = 0, 0 = q + o*q - 16. Suppose -f + x = 2*f. What is the units digit of f?
6
Suppose -104 = 5*s - 3*b, 4*s - 2*b + 90 = -3*b. Let q = s + 56. What is the tens digit of q?
3
Let s(p) = 17*p - 43. What is the tens digit of s(5)?
4
Let u(b) = b**2 + b - 4. Let v = -4 + 6. Suppose 4*q = -2*p - 24, -24 = q + 3*p + v*p. What is the units digit of u(q)?
8
Suppose 11 = r - 9. Suppose -4*f = -2*q - 52 - r, f - 20 = q. What is the tens digit of f?
1
Let p be (7/(7/2))/(-2). What is the units digit of (-25 + (-3)/(-1))/p?
2
Let r be 163/11 + (-2)/(-11). What is the units digit of 204/r + 2/5?
4
Let h(p) = p + 7. Let s be h(7). Suppose -3*r = -5*k + r + s, 4*k + 5*r - 3 = 0. What is the units digit of k?
2
Suppose 2*o - 5*o = 0. Suppose o = j - 7 - 9. Suppose w = -w + j. What is the units digit of w?
8
Let i(t) = -t + 4. Let b be i(4). What is the units digit of 1/(-1 + 2 + b)?
1
Let l(a) be the first derivative of -a**2/2 - a - 1. What is the units digit of l(-5)?
4
Suppose 0*p = 3*c - 3*p - 84, -8 = -2*p. What is the units digit of c?
2
Let v = 176 - 41. What is the tens digit of v?
3
What is the tens digit of (1 + 3)*(-8)/(160/(-375))?
7
Let y(q) = -9*q. Let u(x) = -x. Let b(v) = 10*u(v) - 2*y(v). Let c be b(-1). Let j(z) = -2*z - 5. What is the units digit of j(c)?
1
Let b(l) = -3*l + 61. What is the units digit of b(9)?
4
Let v = -54 - -97. What is the tens digit of v?
4
Let q(b) = b**3 + 4*b**2 + 1. Let a(x) = x + 1. Let c be a(6). Suppose c = -2*s + j - 0*j, 4*s - j = -15. What is the units digit of q(s)?
1
Suppose -4*r - 200 = -9*r. What is the tens digit of r?
4
What is the tens digit of ((-3)/(-2))/((-7)/(-70))?
1
Suppose -5*x + 1457 = -4*r + 521, 2*r - 544 = -3*x. What is the units digit of x?
4
Suppose -48 = x + 57. Let f = -68 - x. What is the tens digit of f?
3
Let b(n) = 3*n**3 - 4*n**2 - 5*n. What is the tens digit of b(4)?
0
Suppose -95 = -5*k - 15. Suppose -4*c = -k, -2*f - f + 88 = c. What is the tens digit of f?
2
Let r be 14/8 + (-9)/12. Let p(i) = i + 4*i**2 - r - 3*i**2 + 2*i. What is the units digit of p(-5)?
9
Let f be 92/12 + (-1)/(-3). Let x = f - 4. What is the units digit of x?
4
Let p(v) = -v**2 - 10*v - 2. What is the units digit of p(-8)?
4
Let b be 4/5*70/(-4). Let v be (-2)/(-8) + b/(-8). Let a(z) = 2*z - 1. What is the units digit of a(v)?
3
Suppose -4*r = -5*q + 887, q + 0*r = -2*r + 183. What is the hundreds digit of q?
1
Let a(c) = 7*c - 3. Let y be -10*-1*(0 - -1). Suppose -4 = 3*u - y. What is the tens digit of a(u)?
1
Let v(d) = -d**3 + d**2 + d + 8. Let s be v(0). Suppose i = -i + s. Suppose -j + 5 = 5*h - 0*j, -4*j - 4 = -i*h. What is the units digit of h?
1
What is the units digit of (0 - -8)*825/60?
0
Let a(r) = 4*r*